
In base 4, what is -320 - -120330?
120010
In base 5, what is -23023 - 1012?
-24040
In base 15, what is 3b8d - 6?
3b87
In base 9, what is 3 + -221186?
-221183
In base 8, what is -2 - -12305?
12303
In base 4, what is 30222 - 202312?
-112030
In base 4, what is 11 + 10323331?
10330002
In base 10, what is -1042 + 131?
-911
In base 10, what is -12 + -20259?
-20271
In base 7, what is -31 + 6142?
6111
In base 7, what is 1502 - -1016?
2521
In base 6, what is -142425 + 20?
-142405
In base 3, what is 0 + 20222111012?
20222111012
In base 6, what is 3 + 3224005?
3224012
In base 2, what is -1011010101001000101 + -10?
-1011010101001000111
In base 16, what is 6491d + 6?
64923
In base 16, what is be + 1ed?
2ab
In base 5, what is 24 + -1134100?
-1134021
In base 15, what is -21b37e - 0?
-21b37e
In base 10, what is 7 - 47092?
-47085
In base 2, what is 10010 + -11010000000001?
-11001111101111
In base 7, what is -20566 + -22?
-20621
In base 16, what is 4 + 97e5?
97e9
In base 6, what is -3530 - -132?
-3354
In base 5, what is 30200 + -4401?
20244
In base 12, what is -6 + 20762?
20758
In base 8, what is -65 + 21317?
21232
In base 11, what is -140 + 320?
190
In base 2, what is 1001001 - -111110001?
1000111010
In base 13, what is -9 - 15057?
-15063
In base 9, what is 16 - -4687?
4714
In base 15, what is 567b1 + -e?
567a2
In base 6, what is 1 - -1154212?
1154213
In base 3, what is -2100020201 - 1011?
-2100021212
In base 14, what is -1632 + 7?
-1629
In base 3, what is 12 + 2021100?
2021112
In base 12, what is -920a - 3?
-9211
In base 7, what is 3 - -32636?
32642
In base 10, what is -3 + 48?
45
In base 5, what is -1101 - 40202?
-41303
In base 13, what is a40 + 2?
a42
In base 12, what is 2 - -24126?
24128
In base 6, what is 4151531 - 4?
4151523
In base 7, what is -3 - 1431?
-1434
In base 10, what is -1273 + -162?
-1435
In base 11, what is -5747 - 4?
-5750
In base 13, what is -17344 - 7?
-1734b
In base 5, what is 2 - -314330?
314332
In base 14, what is -817c + 8?
-8174
In base 15, what is 0 - -14197?
14197
In base 13, what is -7 + -6964?
-696b
In base 16, what is 30 + -7678?
-7648
In base 2, what is -1111000101110001 + -100010?
-1111000110010011
In base 4, what is 33 - 10330313?
-10330220
In base 11, what is 1a95 - 2a?
1a66
In base 2, what is -110000110 - 10101011?
-1000110001
In base 3, what is -1000 - 11100?
-12100
In base 5, what is 1433413 + 21?
1433434
In base 9, what is 42 + -4602?
-4550
In base 9, what is 186360 + -1?
186358
In base 14, what is -1dba - -16?
-1da4
In base 15, what is 54 + 30?
84
In base 12, what is -19 - -42890?
42873
In base 16, what is -23a - -35?
-205
In base 12, what is 350 - 2?
34a
In base 5, what is -20430323 + 2?
-20430321
In base 8, what is 20 - 3700?
-3660
In base 9, what is -3040 + -53?
-3103
In base 13, what is 1 - 876b?
-876a
In base 15, what is b87 + -1b5?
9c2
In base 6, what is -2543031 + 3?
-2543024
In base 4, what is 110113 - -230231?
1001010
In base 4, what is -22011 + 132?
-21213
In base 14, what is -40 - -225c?
221c
In base 13, what is c + -1c1?
-1b2
In base 8, what is 4157 + -41?
4116
In base 5, what is 343 - -31433?
32331
In base 12, what is 125 + -39b3?
-388a
In base 4, what is -103301 + -20122?
-130023
In base 15, what is -12 - 30?
-42
In base 16, what is 533 - -69d?
bd0
In base 8, what is 2 - 65667?
-65665
In base 15, what is 5031 - 1?
5030
In base 4, what is -21302223 + 33?
-21302130
In base 4, what is -13 - 101100?
-101113
In base 10, what is 798 - -2215?
3013
In base 15, what is c - -28a50?
28a5c
In base 13, what is 4c3 - 204?
2bc
In base 7, what is 6056631 + -4?
6056624
In base 11, what is -6801 + -5?
-6806
In base 2, what is -1001001110111 - 100011?
-1001010011010
In base 3, what is 202 + 210000121?
210001100
In base 8, what is 46 - 113271?
-113223
In base 15, what is -1eab41 + -5?
-1eab46
In base 13, what is -69a603 + -5?
-69a608
In base 14, what is b15c + -27?
b135
In base 2, what is 111010100101111101 + -1?
111010100101111100
In base 6, what is -1313 + -1133?
-2450
In base 2, what is -11 - 101110100111?
-101110101010
In base 10, what is 657 + 38?
695
In base 7, what is -12614 + 6656?
-2625
In base 12, what is -4 + 124a6?
124a2
In base 10, what is 19347 - -4?
19351
In base 6, what is 111 - -53411?
53522
In base 13, what is 20b - -256?
464
In base 8, what is 1170210 - 5?
1170203
In base 12, what is 935 + -4a?
8a7
In base 7, what is 24635150 - -2?
24635152
In base 15, what is 19 - 99bb?
-99a2
In base 13, what is -3869 - -205?
-3664
In base 16, what is 54dc + -3?
54d9
In base 4, what is -122233032301 + 2?
-122233032233
In base 6, what is 350 - 303015?
-302225
In base 15, what is -418 - 19?
-432
In base 5, what is -41 + -14132?
-14223
In base 12, what is -87918 - 2?
-8791a
In base 2, what is 100101101111 + -10011?
100101011100
In base 9, what is -15520 + 20?
-15500
In base 6, what is 1 - 2441?
-2440
In base 4, what is 220223112 - -11?
220223123
In base 10, what is -16 - 1195?
-1211
In base 11, what is -463 + -129?
-591
In base 4, what is -231203023 + 13?
-231203010
In base 6, what is -153 + 13434?
13241
In base 14, what is -3 - 2a603?
-2a606
In base 12, what is -1a - 142b8?
-14316
In base 7, what is -1641320 + -1?
-1641321
In base 3, what is 1020121002112 + -11?
1020121002101
In base 16, what is e4c2 + -1?
e4c1
In base 2, what is -1100111 - 1101100111?
-1111001110
In base 8, what is -265 + -51?
-336
In base 8, what is -4341 - -241?
-4100
In base 10, what is 8517 + 86?
8603
In base 15, what is -25 - -262?
23c
In base 15, what is ecd - -3?
ed1
In base 14, what is 0 + -2229d5?
-2229d5
In base 10, what is 13 + 75683?
75696
In base 8, what is 47626 + 24?
47652
In base 12, what is -58505 - 3?
-58508
In base 7, what is -12656 + -3?
-12662
In base 5, what is 30113 - 42?
30021
In base 3, what is 1220001 + -10212?
1202012
In base 9, what is 8 - 15638?
-15630
In base 16, what is -6 + -59?
-5f
In base 5, what is 1 - -144014?
144020
In base 11, what is 53aaa - 2?
53aa8
In base 2, what is 100000110110111 - -100?
100000110111011
In base 11, what is 4 + -12a0a?
-12a06
In base 6, what is 125240 + -330?
124510
In base 9, what is 5 - -510328?
510334
In base 12, what is -3 + 1066?
1063
In base 7, what is 5 - -1366160?
1366165
In base 5, what is -134021 + 1?
-134020
In base 4, what is 1 + -20320310?
-20320303
In base 10, what is -51996 + -24?
-52020
In base 14, what is 2 + 7c6?
7c8
In base 10, what is -536 + -795?
-1331
In base 3, what is -10 + 1021001220111?
1021001220101
In base 2, what is 111000 + -1100011010001?
-1100010011001
In base 12, what is 1897 - 24?
1873
In base 6, what is -31525442 - -11?
-31525431
In base 11, what is 5 - 316122?
-316118
In base 9, what is -272 - 7601?
-7873
In base 9, what is -56 - -33140?
33073
In base 8, what is -17 + 35720?
35701
In base 2, what is -1100000 + 1100101001?
1011001001
In base 11, what is 30452 + 95?
30537
In base 8, what is 43 - 124033?
-123770
In base 8, what is 313 - -117?
432
In base 3, what is -202211 + -2002200?
-2212111
In base 13, what is 38b - -2b?
3b9
In base 5, what is -2 + 1044232?
1044230
In base 3, what is 111001002 - 1?
111001001
In base 9, what is -1410 + 237?
-1162
In base 9, what is 10 - 524662?
-524652
In base 13, what is -14 - -1bb2?
1b9b
In base 4, what is -112203302 + 3?
-112203233
In base 6, what is 31555 + 1110?
33105
In base 6, what is -123051224 + 4?
-123051220
In base 10, what is 3 - 17731?
-17728
In base 7, what is 5 + 13406402?
13406410
In base 8, what is 17 - 630?
-611
In base 15, what is 1 - -a9b4a?
a9b4b
In base 11, what is 16 - -35166?
35181
In base 4, what is -112113313 - 133?
-112120112
In base 7, what is -1422 - -43?
-1346
In base 9, what is -4 - 112535?
-112540
In base 5, what is -10 - -13114112?
13114102
In base 8, what is 31 - 22265?
-22234
In base 13, what is -c - 6206?
-6215
In base 13, what is 582c - -53?
5882
In base 8, what is -111 - -3625?
3514
In base 10, what is 1 + -270500?
-270499
In base 8, what is 5573 - -64?
5657
In base 16, what is 147 - -6c?
1b3
In base 6, what is 322552 + -5?
322543
In base 3, what is 11021 + 2101002?
2112100
In base 3, what is 102 + -1110202200?
-1110202021
In base 3, what is 100020110 - 11?
100020022
In base 4, what is 112110 + 2102?
120212
In base 9, what is -6 - -350478?
350472
In base 8, what is 1352 - -425?
1777
In ba